14)/(-273)). Let p be 436/16 + (-1)/4. Let g = d - p. What is the tens digit of g?
7
Let n(t) = -17*t**3 + t**2 - 4*t + 2. Let w be n(1). Let m(a) = a**2 - 6*a + 8. What is the units digit of m(w)?
0
Let a be (0/(-4))/7 + 3. Suppose -a*h - 716 = -1946. What is the tens digit of h?
1
Let c = 203 - -94. Suppose -c = -12*o + 303. What is the units digit of o?
0
Suppose 4*n - 175*h - 83851 = -172*h, 2*h + 20959 = n. What is the ten thousands digit of n?
2
Suppose -5*i + 3*h + 44350 = -2*h, -5*i + h + 44362 = 0. What is the thousands digit of i?
8
Let b(p) = p**2 - 9*p + 11. Let v be b(2). What is the tens digit of (6/v)/(4/(-446))?
2
Suppose -8*p = -8933 - 8934 + 2107. What is the thousands digit of p?
1
What is the thousands digit of ((-72)/(-126))/((-19)/(-495159))?
4
Suppose -2*z = -3*r - 3*z + 1077, 5*r - 1785 = -5*z. Suppose -w = -6*w + r. Suppose w = 3*n - 39. What is the tens digit of n?
3
Let g(q) = -45*q**3 + 10*q**2 + 6*q - 19. What is the units digit of g(-6)?
5
Suppose -700 = -6*u - 196. Suppose -4*h - u = -0*h. What is the tens digit of 1248/42 - 6/h?
3
Suppose -3*q + 3*b = -62679, -2*b + 10452 = q - 10420. What is the tens digit of q?
8
Let c = -34 + 35. Let l be 2/(-6)*(7 - c). What is the tens digit of 38 - (-1 + -1 + l)?
4
Let j be 384/(-8) + (-12)/(-8)*2. Let o = j + 597. What is the units digit of o?
2
Suppose f - 32*g = -36*g + 75436, 4*f - 3*g = 301611. What is the thousands digit of f?
5
Let d = -2166 - -4264. Let t = -694 + d. What is the thousands digit of t?
1
Let c be 149 + 10*-5*(-4)/50. Let f be (89/(-2))/(4/8). Let s = c + f. What is the tens digit of s?
6
Suppose -368145 = -31*m + 112112 + 143525. What is the tens digit of m?
2
What is the tens digit of 29528 - (-70)/(-28)*48/20?
2
Let f(l) = l**3 + 33*l**2 + 76*l + 37. Let v be f(-31). Let g = 1099 + v. What is the units digit of g?
2
Suppose -4*s - 20*b + 58896 = -32*b, 4*b = 2*s - 29440. What is the units digit of s?
2
Suppose 0 = -4*a + 24, 771*x = 769*x - 3*a + 68730. What is the units digit of x?
6
Suppose 2*n - 16327 = -3*k, -26*k + 31*k + n - 27207 = 0. What is the units digit of k?
1
Suppose -13*g + 147117 = -3*g + 9*g. What is the tens digit of g?
4
What is the tens digit of ((-344616)/(-6))/4 - (12 + 3 - 8)?
5
Let r(g) = 39*g - 14. Suppose 14 = 2*z + 4*h, z + h - 7 = 3*h. What is the hundreds digit of r(z)?
2
Let s(f) = -f**2 - 21*f + 33. Let a be s(-22). Suppose 1429 = 5*v - 2*o, -2*v - a*o + 13*o + 574 = 0. What is the tens digit of v?
8
What is the units digit of 679512/45 + -2 + 176/(-660)?
8
What is the thousands digit of 2*6/(-8) - (1234341/(-46) - 5)?
6
Let j(p) = 43*p - 3. Suppose -5*w = -10, -y = 3*w - 16 + 1. What is the units digit of j(y)?
4
Suppose -387357 - 35105 = -24*z - 22766. What is the hundreds digit of z?
6
Let c(v) be the second derivative of -v**4/12 + 5*v**3/2 + 10*v**2 + 7*v. Let x be c(16). Suppose 0 = 8*b - x*b - 296. What is the tens digit of b?
7
Let z(s) = 107*s - 1. Let b be z(1). Suppose -5*h - 4*g + 208 + 222 = 0, -4*g = 0. Let o = b - h. What is the units digit of o?
0
Let f be 3 - (18/22 + (-14)/(-77)). Suppose 3*k - 193 = -2*b, b + 6*k - 104 = f*k. Suppose -2*r + 6*i + b = 5*i, 10 = -5*i. What is the tens digit of r?
4
Let k = -36 - -29. Let a(n) = n**3 + 9*n**2 + 3*n + 8. Let u be a(k). Suppose -2*x + 2*i + u + 37 = 0, 0 = 4*x + 3*i - 265. What is the tens digit of x?
6
Let c(z) = 35570*z**3 - 5*z**2 + 17*z - 10. What is the hundreds digit of c(1)?
5
Let v = -2 - -5. Suppose v*j + 8 = -w, 3*w - 5*w + 2*j + 24 = 0. Suppose 0 = 2*o - w*o + 210. What is the units digit of o?
2
Let c(m) = -m**2 - 16 + 3*m**2 + 8*m + 12*m. Let p be c(-11). What is the tens digit of ((-3)/(p/4))/((-22)/847)?
7
Let o(x) = x**3 - 31*x**2 - 22*x + 100. What is the thousands digit of o(38)?
9
Let l(d) = 75*d**2 + 12*d + 680. What is the units digit of l(-26)?
8
Let i(w) = 787*w**3 - 4*w**2 + 23*w - 20. What is the hundreds digit of i(1)?
7
What is the thousands digit of (-4)/8 - 2/(8/(-23666))?
5
Let z(b) = -15*b - 67. Let o be z(-31). Let y = o + 348. What is the hundreds digit of y?
7
Let r = 42 - 69. Let a = -27 - r. Suppose a = -5*n + 270 + 65. What is the tens digit of n?
6
Let f = 62115 + -6475. What is the ten thousands digit of f?
5
Let o be -292 + 4 + -2 - 6. What is the units digit of o/(-32) + (-2)/8?
9
Suppose -r + 4356 - 212 = -4*h, -3*r + 12404 = 2*h. What is the hundreds digit of r?
1
What is the thousands digit of (-11)/99 + 146882/18?
8
Let j be ((-12)/(-24))/((-1)/(-146)). Suppose 70*y = j*y - 1527. What is the tens digit of y?
0
Suppose -2*b - 6 = 0, 3*b + 262 = k + 2*b. Let j = k - 171. What is the units digit of j?
8
Let l(z) = z**3 + 22*z**2 - 9*z - 291. What is the tens digit of l(28)?
5
Let a(k) = -k**3 + 2*k**2 - 4*k + 3. Let x be a(1). Suppose -40*g - 29708 + 90508 = x. What is the thousands digit of g?
1
Suppose 9*k - 135 = -54. Suppose k*d = -6*d + 8190. What is the hundreds digit of d?
5
Suppose 1440 = 13*s - 8037. What is the units digit of s?
9
Let a(j) = -j**3 + 12*j**2 + 23*j - 16. Let s(t) = -t**3 + 26*t**2 - 24*t - 13. Let n be s(25). What is the tens digit of a(n)?
6
Let q = 1124 - 1114. Suppose 4*b = 3*s + 1088, -3*b = 2*s + 2*s - 816. Suppose q*x - 2062 = -b. What is the units digit of x?
9
Let x(y) be the third derivative of 2*y**5/5 + 37*y**4/8 + 5*y**3/6 + 41*y**2 - 2*y. What is the tens digit of x(-11)?
8
Let x(c) = -c**2 - 13*c. Let b be x(-11). Let h(u) be the first derivative of 3*u**2/2 + 13*u + 3. What is the units digit of h(b)?
9
Let d = 549 + -162. Suppose -5*t - 1940 = -5*l, 26*l - 25*l - 2*t - d = 0. What is the units digit of l?
9
Suppose -14*o - 169434 = 22*o - 54*o. What is the thousands digit of o?
9
What is the thousands digit of 8182 - (29 - 38 - (1 - 7))?
8
Let c = -4154 + 14536. What is the hundreds digit of c?
3
Let h be 2 - (6 - 1)*-1. Let q = 4759 - 4773. What is the tens digit of h*(-10)/(-245) - 2348/q?
6
Let t(s) = s**3 - 4*s**2 - 50*s - 98. Let g be t(10). Let x(m) = 58*m - 4. Let w be x(3). Let d = w + g. What is the hundreds digit of d?
1
Suppose -3*d + 4*i - 8*i + 11235 = 0, 3*i - 9 = 0. Suppose -7*o + 1222 = -d. What is the tens digit of o?
0
Let d = -33 - -7. Let p = 25 + d. What is the units digit of p/3*10*9798/(-355)?
2
Let j be (3 - -3)/((-2)/(-82)). Let f = j - 29. What is the hundreds digit of f?
2
Let a be -1 - 8/(-3) - (-16344)/108. Let h = a + -102. What is the units digit of h?
1
Suppose -4*g - p + 860 = 0, -5*p = 5*g - 6*g + 194. What is the tens digit of g?
1
Let o(i) = 3*i**2 - 3. Let n be o(2). Suppose -n*u + 14*u = 1765. What is the hundreds digit of u?
3
Let v be (-34)/(-629) - 1865834/(-37). Suppose -27*b - b = -v. What is the units digit of b?
1
Let q = -20 - -20. Let r be 108/(-252) - (-90)/14. Suppose -2*a + r*a - 212 = q. What is the units digit of a?
3
Let x = 5812 + -1262. Suppose 5*w - 31*w = -x. What is the tens digit of w?
7
Let r(m) = 60*m**2 + 115*m - 1444. What is the hundreds digit of r(12)?
5
Let u = 4257 + -3640. What is the units digit of u?
7
Suppose 0 = -5*j - 20, -44944 = -2*n + 547*j - 552*j. What is the units digit of n?
2
Let n be (88/(-16) - -10)/(3/10). Suppose -n*b + 10047 = -1203. What is the tens digit of b?
5
Let i be (6/4)/(5/(-2)*18/30). Let u(m) = -m**2 - 1. Let r(h) = -88*h**2 + 2*h - 3. Let b(j) = -r(j) + 6*u(j). What is the units digit of b(i)?
1
What is the units digit of 1/4 - 3*(-143787)/252?
2
Let o be ((2 - -2) + -3 - -1) + 0. Suppose 0*n = -o*l + 4*n + 740, -1102 = -3*l + 2*n. What is the units digit of l?
6
Suppose -4*u + 4*k - 3*k + 9 = 0, -2*u - 5*k = 23. Let d be u - (-11)/(-9) - (-184)/18. Suppose -d*g + 438 = -4*g. What is the units digit of g?
3
Suppose 4*r - 3*r - 1527 = -5*c, 0 = 2*c + 10. Suppose -r = -j - 15*j. Let w = j - -42. What is the hundreds digit of w?
1
Let b(u) be the third derivative of 0*u + 5*u**2 + 0 + 19/6*u**3 + 1/24*u**4. What is the units digit of b(13)?
2
Let j = 4156 - 19196. Let u be j/25 + (-4)/10. Let p = 859 + u. What is the hundreds digit of p?
2
What is the thousands digit of 1/(-4) - ((-100307)/(-4)*-3 - -2)?
5
Suppose -4*o - 48 = -7*o. Suppose -4*z = -i - o - 2, 9 = i + 5*z. What is the units digit of (-447)/(-6)*1 - i/(-4)?
3
What is the units digit of (35360039/115)/11 + (0 -